e factors of 26189687?
59, 443893
List the prime factors of 3091214840.
2, 5, 7, 1693, 6521
List the prime factors of 106477377.
3, 35492459
What are the prime factors of 54825064?
2, 7, 71, 13789
List the prime factors of 36619160.
2, 5, 915479
What are the prime factors of 165559749?
3, 19, 2904557
List the prime factors of 1577827306.
2, 11, 71719423
List the prime factors of 23196862.
2, 13, 239, 3733
List the prime factors of 3986861965.
5, 797372393
List the prime factors of 968191444.
2, 11, 181, 121571
List the prime factors of 236471624.
2, 61, 173, 2801
List the prime factors of 2428621043.
109, 22280927
What are the prime factors of 68014133?
11, 6183103
What are the prime factors of 604269446?
2, 11, 107, 256699
List the prime factors of 2066734326.
2, 3, 79, 89, 48991
What are the prime factors of 65871881?
113, 582937
What are the prime factors of 113616433?
7, 16230919
List the prime factors of 2418995.
5, 167, 2897
List the prime factors of 3065060130.
2, 3, 5, 11, 101, 91961
What are the prime factors of 17664062?
2, 13, 191, 3557
List the prime factors of 68847686.
2, 3467, 9929
What are the prime factors of 6825976?
2, 17, 53, 947
List the prime factors of 7822790330.
2, 5, 107, 157, 46567
What are the prime factors of 101856858?
2, 3, 16976143
What are the prime factors of 4236632629?
4236632629
What are the prime factors of 77509120?
2, 5, 13, 17, 137
What are the prime factors of 28910881?
28910881
What are the prime factors of 3798211679?
599, 6340921
List the prime factors of 58888099.
58888099
List the prime factors of 1910683570.
2, 5, 577, 331141
List the prime factors of 1035192499.
11, 94108409
What are the prime factors of 102983011?
102983011
List the prime factors of 24651955.
5, 17, 290023
What are the prime factors of 929765492?
2, 232441373
List the prime factors of 14147442.
2, 3, 137, 5737
What are the prime factors of 690594304?
2, 523, 2579
What are the prime factors of 1254136749?
3, 418045583
What are the prime factors of 641942282?
2, 23, 13955267
What are the prime factors of 292781222?
2, 19, 37, 53, 3929
List the prime factors of 75657405.
3, 5, 67, 83, 907
What are the prime factors of 3742479254?
2, 1871239627
List the prime factors of 116473738.
2, 67, 853, 1019
List the prime factors of 1546530878.
2, 19, 40698181
List the prime factors of 2196408531.
3, 19, 38533483
What are the prime factors of 39341445?
3, 5, 11, 13, 18341
List the prime factors of 2633289599.
43, 61239293
List the prime factors of 98103070.
2, 5, 13, 754639
List the prime factors of 296129187.
3, 47, 179, 3911
What are the prime factors of 157028527?
157028527
What are the prime factors of 11249317?
349, 32233
What are the prime factors of 5854814063?
7, 41, 20400049
List the prime factors of 19190036.
2, 1951, 2459
List the prime factors of 202855927.
61, 467, 7121
What are the prime factors of 165983577?
3, 389, 142231
List the prime factors of 116831763.
3, 12981307
List the prime factors of 188118300.
2, 3, 5, 163, 3847
List the prime factors of 191818468.
2, 47, 281, 3631
What are the prime factors of 43286819?
31, 349, 4001
List the prime factors of 564436910.
2, 5, 103, 229, 2393
What are the prime factors of 469924958?
2, 227, 1035077
What are the prime factors of 68774910?
2, 3, 5, 2292497
List the prime factors of 776645162.
2, 107, 3629183
List the prime factors of 281605814.
2, 7, 20114701
What are the prime factors of 7341083732?
2, 19, 59, 199, 433
List the prime factors of 34284754.
2, 7, 631, 3881
What are the prime factors of 52108234?
2, 3793, 6869
List the prime factors of 68208752.
2, 4263047
What are the prime factors of 1911087543?
3, 313, 2035237
List the prime factors of 80318590.
2, 5, 11, 41, 1619
What are the prime factors of 83091889?
83091889
What are the prime factors of 2183965833?
3, 7, 433, 461, 521
List the prime factors of 184294467.
3, 7, 17, 41, 1399
What are the prime factors of 100000514?
2, 50000257
What are the prime factors of 72081112?
2, 9010139
What are the prime factors of 5141102468?
2, 1285275617
What are the prime factors of 101891523?
3, 17, 67, 29819
List the prime factors of 1822545356.
2, 455636339
List the prime factors of 68615411.
739, 92849
What are the prime factors of 262600576?
2, 7, 293081
List the prime factors of 997830590.
2, 5, 3203, 31153
List the prime factors of 357348793.
357348793
What are the prime factors of 47941205?
5, 13, 29, 877
List the prime factors of 2245999412.
2, 561499853
What are the prime factors of 206665788?
2, 3, 7, 67, 36721
What are the prime factors of 594868798?
2, 59, 5041261
What are the prime factors of 32594260?
2, 5, 29, 56197
List the prime factors of 2659665591.
3, 11, 8955103
What are the prime factors of 506650574?
2, 253325287
What are the prime factors of 3162987049?
149, 21228101
List the prime factors of 1406271366.
2, 3, 53, 1474079
List the prime factors of 6905915.
5, 29, 97, 491
What are the prime factors of 1274531532?
2, 3, 3361, 31601
What are the prime factors of 28551188?
2, 23, 103, 131
What are the prime factors of 2947887543?
3, 281, 3496901
List the prime factors of 33804651.
3, 1319, 8543
What are the prime factors of 884422064?
2, 31, 79, 22571
List the prime factors of 25688677.
7, 23, 31, 5147
What are the prime factors of 647716076?
2, 7, 23132717
List the prime factors of 1961694764.
2, 490423691
What are the prime factors of 1323039947?
41, 139, 232153
What are the prime factors of 127195806?
2, 3, 43, 109, 4523
What are the prime factors of 232622955?
3, 5, 293, 5881
What are the prime factors of 26813488?
2, 13, 17, 7583
List the prime factors of 73001851.
13, 37, 151771
What are the prime factors of 31786255?
5, 151, 42101
What are the prime factors of 38501355?
3, 5, 2566757
What are the prime factors of 17566569?
3, 233, 8377
List the prime factors of 113367400.
2, 5, 131, 4327
What are the prime factors of 89803914?
2, 3, 23, 293, 2221
List the prime factors of 949792446.
2, 3, 31, 211, 2689
List the prime factors of 12688298.
2, 7, 487, 1861
List the prime factors of 457601530.
2, 5, 45760153
What are the prime factors of 225467371?
31, 929, 7829
What are the prime factors of 1607498412?
2, 3, 13, 43, 5573
What are the prime factors of 210197504?
2, 11, 18661
What are the prime factors of 222616023?
3, 7, 61, 173783
List the prime factors of 677135180.
2, 5, 23, 1472033
What are the prime factors of 4607790?
2, 3, 5, 11, 13963
What are the prime factors of 5551937376?
2, 3, 1787, 32363
What are the prime factors of 6222699191?
41, 151773151
List the prime factors of 443366270.
2, 5, 107, 414361
What are the prime factors of 2643105081?
3, 241, 3655747
List the prime factors of 1582450710.
2, 3, 5, 2789, 18913
List the prime factors of 75133946.
2, 853, 44041
List the prime factors of 1323149452.
2, 37, 47, 53, 97
What are the prime factors of 352032050?
2, 5, 83, 84827
What are the prime factors of 858143975?
5, 13, 101, 2011
What are the prime factors of 10490382?
2, 3, 7, 83257
List the prime factors of 471249101.
29, 2251, 7219
List the prime factors of 1355827186.
2, 7, 37, 2617427
What are the prime factors of 2684891902?
2, 7, 11, 37, 223, 2113
What are the prime factors of 15920282?
2, 7, 1137163
What are the prime factors of 23737378?
2, 7, 1695527
What are the prime factors of 5539334504?
2, 11, 47293
List the prime factors of 51797619.
3, 47, 122453
What are the prime factors of 251442850?
2, 5, 5028857
List the prime factors of 740301580.
2, 5, 233, 158863
List the prime factors of 340665034.
2, 83, 2052199
What are the prime factors of 56570625?
3, 5, 89, 113
List the prime factors of 2130314882.
2, 1065157441
What are the prime factors of 648784670?
2, 5, 64878467
List the prime factors of 49622557.
2351, 21107
List the prime factors of 24046879.
263, 91433
What are the prime factors of 5942484730?
2, 5, 7, 13, 6530203
List the prime factors of 2700462159.
3, 733, 15161
List the prime factors of 25805432.
2, 3225679
What are the prime factors of 46951513?
7, 6707359
What are the prime factors of 610942193?
610942193
What are the prime factors of 36644397?
3, 107, 114157
What are the prime factors of 207554244?
2, 3, 139, 124433
List the prime factors of 127238137.
13, 997, 9817